{"id":26,"date":"2022-12-31T23:16:29","date_gmt":"2022-12-31T21:16:29","guid":{"rendered":"http:\/\/185.96.163.203\/wordpress\/?page_id=26"},"modified":"2025-01-27T15:39:07","modified_gmt":"2025-01-27T13:39:07","slug":"yhteystiedot","status":"publish","type":"page","link":"http:\/\/185.96.163.203\/wordpress\/?page_id=26","title":{"rendered":"Yhteystiedot"},"content":{"rendered":"\n<div class=\"wp-block-columns is-layout-flex wp-container-core-columns-is-layout-9d6595d7 wp-block-columns-is-layout-flex\">\n<div class=\"wp-block-column is-layout-flow wp-block-column-is-layout-flow\"><\/div>\n\n\n\n<div class=\"wp-block-column is-layout-flow wp-block-column-is-layout-flow\">\n<p><strong>Palokunnan p\u00e4\u00e4llyst\u00f6<\/strong><br>Mika Sandstr\u00f6m<br>Timo Peltonen<br>Stefan Mattsson<br><a href=\"&#109;&#x61;i&#108;&#x74;o&#x3a;&#x34;&#57;&#x2e;a&#115;&#x65;m&#97;&#x40;&#118;&#x65;i&#107;&#x6b;o&#108;&#x61;&#118;&#x70;&#x6b;&#45;&#x66;b&#107;&#x2e;f&#x69;\">49&#46;&#97;&#115;&#101;&#x6d;&#x61;&#x40;&#x76;&#x65;ik&#107;&#111;&#108;&#97;&#x76;&#x70;&#x6b;&#x2d;&#x66;bk&#46;&#102;&#105;<\/a><\/p>\n<\/div>\n<\/div>\n\n\n\n<div class=\"wp-block-columns is-layout-flex wp-container-core-columns-is-layout-9d6595d7 wp-block-columns-is-layout-flex\">\n<div class=\"wp-block-column is-layout-flow wp-block-column-is-layout-flow\">\n<figure class=\"wp-block-image size-full\"><img loading=\"lazy\" decoding=\"async\" width=\"471\" height=\"476\" src=\"http:\/\/185.96.163.203\/wordpress\/wp-content\/uploads\/2023\/06\/Sandstrom-1.png\" alt=\"\" class=\"wp-image-119\" srcset=\"http:\/\/185.96.163.203\/wordpress\/wp-content\/uploads\/2023\/06\/Sandstrom-1.png 471w, http:\/\/185.96.163.203\/wordpress\/wp-content\/uploads\/2023\/06\/Sandstrom-1-297x300.png 297w\" sizes=\"auto, (max-width: 471px) 100vw, 471px\" \/><\/figure>\n<\/div>\n\n\n\n<div class=\"wp-block-column is-layout-flow wp-block-column-is-layout-flow\">\n<p><strong>Palokunnan p\u00e4\u00e4llikk\u00f6<\/strong><br>Mika Sandstr\u00f6m<br><a href=\"tel:0405868746\">Puh. 040-586 8746<\/a><br><a href=\"mail&#116;&#111;&#58;&#112;&#97;&#x61;&#x6c;&#x6c;&#x69;&#x6b;&#x6b;&#x6f;&#64;vei&#107;&#107;&#111;&#108;&#97;&#x76;&#x70;&#x6b;&#x2d;&#x66;&#x62;&#x6b;&#x2e;fi\">&#x70;&#x61;&#x61;&#x6c;&#x6c;&#x69;&#x6b;&#x6b;&#x6f;&#x40;&#x76;&#101;&#105;&#107;&#107;&#111;&#108;&#97;vpk-fb&#x6b;&#x2e;&#x66;&#x69;<\/a><\/p>\n<\/div>\n<\/div>\n\n\n\n<div class=\"wp-block-columns is-layout-flex wp-container-core-columns-is-layout-9d6595d7 wp-block-columns-is-layout-flex\">\n<div class=\"wp-block-column is-layout-flow wp-block-column-is-layout-flow\">\n<figure class=\"wp-block-image size-full\"><img loading=\"lazy\" decoding=\"async\" width=\"472\" height=\"452\" src=\"http:\/\/185.96.163.203\/wordpress\/wp-content\/uploads\/2023\/06\/Peltonen.png\" alt=\"\" class=\"wp-image-121\" srcset=\"http:\/\/185.96.163.203\/wordpress\/wp-content\/uploads\/2023\/06\/Peltonen.png 472w, http:\/\/185.96.163.203\/wordpress\/wp-content\/uploads\/2023\/06\/Peltonen-300x287.png 300w\" sizes=\"auto, (max-width: 472px) 100vw, 472px\" \/><\/figure>\n<\/div>\n\n\n\n<div class=\"wp-block-column is-layout-flow wp-block-column-is-layout-flow\">\n<p><strong>1. varap\u00e4\u00e4llikk\u00f6<\/strong><br>Timo Peltonen<\/p>\n<\/div>\n<\/div>\n\n\n\n<div class=\"wp-block-columns is-layout-flex wp-container-core-columns-is-layout-9d6595d7 wp-block-columns-is-layout-flex\">\n<div class=\"wp-block-column is-layout-flow wp-block-column-is-layout-flow\"><\/div>\n\n\n\n<div class=\"wp-block-column is-layout-flow wp-block-column-is-layout-flow\">\n<p><strong>2. varap\u00e4\u00e4llikk\u00f6<\/strong><br>Stefan Mattson<\/p>\n<\/div>\n<\/div>\n\n\n\n<div class=\"wp-block-columns is-layout-flex wp-container-core-columns-is-layout-9d6595d7 wp-block-columns-is-layout-flex\">\n<div class=\"wp-block-column is-layout-flow wp-block-column-is-layout-flow\">\n<figure class=\"wp-block-image size-full\"><img loading=\"lazy\" decoding=\"async\" width=\"404\" height=\"398\" src=\"http:\/\/185.96.163.203\/wordpress\/wp-content\/uploads\/2023\/06\/Simanainen.png\" alt=\"\" class=\"wp-image-120\" srcset=\"http:\/\/185.96.163.203\/wordpress\/wp-content\/uploads\/2023\/06\/Simanainen.png 404w, http:\/\/185.96.163.203\/wordpress\/wp-content\/uploads\/2023\/06\/Simanainen-300x296.png 300w\" sizes=\"auto, (max-width: 404px) 100vw, 404px\" \/><\/figure>\n<\/div>\n\n\n\n<div class=\"wp-block-column is-layout-flow wp-block-column-is-layout-flow\">\n<p><strong>Hallituksen puheenjohtaja<\/strong><br>Timo Simanainen<br><a href=\"tel:0405513535\" data-type=\"tel\">Puh. 040-5513535<br><\/a><a href=\"&#x6d;a&#x69;&#108;&#x74;&#111;&#x3a;&#x34;9&#x2e;&#97;&#x73;&#101;&#x6d;&#97;&#64;&#x76;&#101;&#x69;&#107;&#x6b;&#111;l&#x61;&#118;&#x70;&#107;&#x2d;&#102;b&#x6b;&#46;&#x66;&#105;\">pj<\/a><a href=\"&#109;&#x61;&#x69;l&#116;&#x6f;:&#52;&#x39;&#x2e;&#97;&#x73;&#x65;m&#97;&#x40;v&#101;&#x69;&#x6b;&#107;&#x6f;&#x6c;a&#118;&#x70;k&#45;&#x66;&#x62;&#107;&#x2e;&#x66;i\">@veikkolavpk-fbk.fi<\/a><\/p>\n<\/div>\n<\/div>\n\n\n\n<div class=\"wp-block-columns is-layout-flex wp-container-core-columns-is-layout-9d6595d7 wp-block-columns-is-layout-flex\">\n<div class=\"wp-block-column is-layout-flow wp-block-column-is-layout-flow\">\n<figure class=\"wp-block-image size-full\"><img loading=\"lazy\" decoding=\"async\" width=\"366\" height=\"364\" src=\"http:\/\/185.96.163.203\/wordpress\/wp-content\/uploads\/2023\/06\/Makkonen.png\" alt=\"\" class=\"wp-image-127\" srcset=\"http:\/\/185.96.163.203\/wordpress\/wp-content\/uploads\/2023\/06\/Makkonen.png 366w, http:\/\/185.96.163.203\/wordpress\/wp-content\/uploads\/2023\/06\/Makkonen-300x298.png 300w, http:\/\/185.96.163.203\/wordpress\/wp-content\/uploads\/2023\/06\/Makkonen-150x150.png 150w\" sizes=\"auto, (max-width: 366px) 100vw, 366px\" \/><\/figure>\n<\/div>\n\n\n\n<div class=\"wp-block-column is-layout-flow wp-block-column-is-layout-flow\">\n<p><strong>Hallituksen sihteeri<\/strong><br>Ville Makkonen<br><a href=\"tel:0503498197\">Puh. 050-3498197<\/a><br><a href=\"&#x6d;&#x61;&#x69;&#x6c;&#x74;&#x6f;&#x3a;&#x73;&#x69;&#x68;&#x74;&#x65;&#x65;&#x72;&#x69;&#x40;&#x76;&#x65;&#x69;&#x6b;&#x6b;&#x6f;&#x6c;&#x61;&#x76;&#x70;&#x6b;&#x2d;&#x66;&#x62;&#x6b;&#x2e;&#x66;&#x69;\">&#115;&#x69;h&#116;&#x65;e&#114;&#x69;&#64;&#x76;&#x65;&#105;&#x6b;k&#111;&#x6c;a&#118;&#x70;k&#x2d;&#x66;&#98;&#x6b;&#x2e;&#102;&#x69;<\/a><\/p>\n<\/div>\n<\/div>\n\n\n\n<div class=\"wp-block-columns is-layout-flex wp-container-core-columns-is-layout-9d6595d7 wp-block-columns-is-layout-flex\">\n<div class=\"wp-block-column is-layout-flow wp-block-column-is-layout-flow\"><\/div>\n\n\n\n<div class=\"wp-block-column is-layout-flow wp-block-column-is-layout-flow\">\n<p><strong>Rahastonhoitaja<\/strong><br>Jaakko Varteva<br><a href=\"tel:0504836516\">Puh. 050-483 6516<\/a><br><a href=\"&#x6d;&#x61;&#105;&#108;&#116;o&#x3a;&#x72;&#x61;&#104;&#97;st&#x6f;&#x6e;&#x68;&#111;&#105;t&#x61;&#x6a;&#x61;&#64;&#118;&#101;i&#x6b;&#x6b;&#x6f;&#108;&#97;vp&#x6b;&#x2d;&#x66;&#98;&#107;&#46;&#x66;&#x69;\">&#114;&#x61;h&#97;&#x73;t&#x6f;&#x6e;&#104;&#x6f;i&#116;&#x61;j&#97;&#x40;&#118;&#x65;i&#107;&#x6b;o&#108;&#x61;&#118;&#x70;&#x6b;&#45;&#x66;b&#107;&#x2e;f&#x69;<\/a><\/p>\n<\/div>\n<\/div>\n\n\n\n<p><strong>K\u00e4ynti- ja postiosoite<\/strong><br>Turuntie 555<br>02880 VEIKKOLA<\/p>\n","protected":false},"excerpt":{"rendered":"<p>Palokunnan p\u00e4\u00e4llyst\u00f6Mika Sandstr\u00f6mTimo PeltonenStefan Mattsson&#x34;&#57;&#46;a&#x73;&#x65;&#109;a&#x40;&#x76;&#101;ik&#x6b;&#111;&#108;a&#x76;&#x70;&#107;-&#x66;&#x62;&#107;&#46;f&#x69; Palokunnan p\u00e4\u00e4llikk\u00f6Mika Sandstr\u00f6mPuh. 040-586 8746&#x70;&#97;a&#x6c;&#x6c;&#105;k&#x6b;&#x6f;&#64;v&#x65;&#105;k&#x6b;&#x6f;&#108;a&#x76;&#x70;&#107;-&#x66;&#98;&#107;&#x2e;&#x66;&#105; 1. varap\u00e4\u00e4llikk\u00f6Timo Peltonen 2. varap\u00e4\u00e4llikk\u00f6Stefan Mattson Hallituksen puheenjohtajaTimo SimanainenPuh. &#48;&#x34;&#x30;&#45;&#x35;&#x35;1&#x33;&#x35;3&#53;&#x70;j&#64;&#x76;e&#105;&#x6b;k&#111;&#x6c;a&#118;&#x70;&#x6b;&#45;&#x66;&#x62;&#107;&#x2e;&#x66;i Hallituksen sihteeriVille MakkonenPuh. 050-3498197&#115;&#x69;h&#x74;&#x65;&#101;&#x72;i&#x40;&#x76;&#101;&#x69;k&#x6b;&#x6f;&#108;&#x61;v&#x70;&#x6b;&#45;&#x66;b&#x6b;&#x2e;&#102;&#x69; RahastonhoitajaJaakko VartevaPuh. 050-483 6516&#x72;&#x61;&#104;&#97;&#115;t&#x6f;&#x6e;&#x68;&#111;&#105;ta&#x6a;&#x61;&#x40;&#118;&#101;i&#x6b;&#x6b;&#x6f;&#108;&#97;&#118;p&#x6b;&#x2d;&#x66;&#98;&#107;&#46;f&#x69; K\u00e4ynti- ja postiosoiteTuruntie 55502880 VEIKKOLA<\/p>\n","protected":false},"author":1,"featured_media":0,"parent":0,"menu_order":6,"comment_status":"closed","ping_status":"closed","template":"","meta":{"footnotes":""},"class_list":["post-26","page","type-page","status-publish","hentry"],"_links":{"self":[{"href":"http:\/\/185.96.163.203\/wordpress\/index.php?rest_route=\/wp\/v2\/pages\/26","targetHints":{"allow":["GET"]}}],"collection":[{"href":"http:\/\/185.96.163.203\/wordpress\/index.php?rest_route=\/wp\/v2\/pages"}],"about":[{"href":"http:\/\/185.96.163.203\/wordpress\/index.php?rest_route=\/wp\/v2\/types\/page"}],"author":[{"embeddable":true,"href":"http:\/\/185.96.163.203\/wordpress\/index.php?rest_route=\/wp\/v2\/users\/1"}],"replies":[{"embeddable":true,"href":"http:\/\/185.96.163.203\/wordpress\/index.php?rest_route=%2Fwp%2Fv2%2Fcomments&post=26"}],"version-history":[{"count":13,"href":"http:\/\/185.96.163.203\/wordpress\/index.php?rest_route=\/wp\/v2\/pages\/26\/revisions"}],"predecessor-version":[{"id":145,"href":"http:\/\/185.96.163.203\/wordpress\/index.php?rest_route=\/wp\/v2\/pages\/26\/revisions\/145"}],"wp:attachment":[{"href":"http:\/\/185.96.163.203\/wordpress\/index.php?rest_route=%2Fwp%2Fv2%2Fmedia&parent=26"}],"curies":[{"name":"wp","href":"https:\/\/api.w.org\/{rel}","templated":true}]}}