{"id":5,"date":"2022-12-31T19:54:59","date_gmt":"2022-12-31T17:54:59","guid":{"rendered":"http:\/\/185.96.163.203\/wordpress\/?page_id=5"},"modified":"2023-09-14T17:26:21","modified_gmt":"2023-09-14T14:26:21","slug":"halytysosasto","status":"publish","type":"page","link":"http:\/\/185.96.163.203\/wordpress\/?page_id=5","title":{"rendered":"H\u00e4lytysosasto"},"content":{"rendered":"\n<div class=\"wp-block-columns is-layout-flex wp-container-core-columns-is-layout-9d6595d7 wp-block-columns-is-layout-flex\">\n<div class=\"wp-block-column is-layout-flow wp-block-column-is-layout-flow\">\n<p>H\u00e4lytysosasto vastaa L\u00e4nsi-Uudenmaan Pelastuslaitoksen kanssa tehdyn palokuntasopimuksen velvoitteiden hoitamisesta.<br>H\u00e4lytyksen tullen h\u00e4lytysosaston j\u00e4senet miehitt\u00e4v\u00e4t sammutusauton 8 minuutin valmiusajalla.<br>Harjoitukset tiistaisin klo 19 &#8211; 21<\/p>\n\n\n\n<p>P\u00e4\u00e4syvaatimukset ovat:<\/p>\n\n\n\n<ul class=\"wp-block-list\">\n<li>18 vuoden ik\u00e4<\/li>\n\n\n\n<li>Suoritettu sammutusty\u00f6kurssi<\/li>\n\n\n\n<li>hyv\u00e4ksytty terveystarkastus<\/li>\n\n\n\n<li>riitt\u00e4v\u00e4 peruskunto<\/li>\n<\/ul>\n\n\n\n<p>Lis\u00e4tietoja antaa<br>Palokunnan P\u00e4\u00e4llikk\u00f6<br>Mika Sandstr\u00f6m<br><a href=\"Tel:0405868746\">Puh. 040-586 8746<\/a><br><a href=\"&#x6d;a&#x69;&#108;t&#x6f;&#58;&#x70;&#x61;a&#x6c;&#108;i&#x6b;&#107;&#x6f;&#64;v&#x65;&#105;k&#x6b;&#111;&#x6c;&#97;v&#x70;&#107;&#x2d;&#x66;b&#x6b;&#46;f&#x69;\">&#112;&#97;&#x61;l&#108;&#x69;&#x6b;k&#111;&#x40;&#x76;e&#105;&#x6b;&#x6b;o&#108;&#x61;&#x76;p&#107;&#x2d;&#x66;b&#107;&#x2e;f&#105;<\/a><\/p>\n\n\n\n<figure class=\"wp-block-image size-full is-resized\"><img loading=\"lazy\" decoding=\"async\" src=\"http:\/\/185.96.163.203\/wordpress\/wp-content\/uploads\/2023\/09\/halyos.jpg\" alt=\"\" class=\"wp-image-133\" width=\"1367\" height=\"911\" srcset=\"http:\/\/185.96.163.203\/wordpress\/wp-content\/uploads\/2023\/09\/halyos.jpg 1367w, http:\/\/185.96.163.203\/wordpress\/wp-content\/uploads\/2023\/09\/halyos-300x200.jpg 300w, http:\/\/185.96.163.203\/wordpress\/wp-content\/uploads\/2023\/09\/halyos-1024x682.jpg 1024w, http:\/\/185.96.163.203\/wordpress\/wp-content\/uploads\/2023\/09\/halyos-768x512.jpg 768w, http:\/\/185.96.163.203\/wordpress\/wp-content\/uploads\/2023\/09\/halyos-1200x800.jpg 1200w\" sizes=\"auto, (max-width: 1367px) 100vw, 1367px\" \/><\/figure>\n<\/div>\n<\/div>\n","protected":false},"excerpt":{"rendered":"<p>H\u00e4lytysosasto vastaa L\u00e4nsi-Uudenmaan Pelastuslaitoksen kanssa tehdyn palokuntasopimuksen velvoitteiden hoitamisesta.H\u00e4lytyksen tullen h\u00e4lytysosaston j\u00e4senet miehitt\u00e4v\u00e4t sammutusauton 8 minuutin valmiusajalla.Harjoitukset tiistaisin klo 19 &#8211; 21 P\u00e4\u00e4syvaatimukset ovat: Lis\u00e4tietoja antaaPalokunnan P\u00e4\u00e4llikk\u00f6Mika Sandstr\u00f6mPuh. 040-586 8746&#x70;&#97;a&#x6c;&#x6c;&#105;k&#x6b;&#x6f;&#64;v&#x65;&#x69;&#107;k&#x6f;&#x6c;&#97;v&#x70;&#107;&#45;f&#x62;&#107;&#46;&#x66;&#x69;<\/p>\n","protected":false},"author":1,"featured_media":0,"parent":0,"menu_order":1,"comment_status":"closed","ping_status":"closed","template":"templates\/template-full-width.php","meta":{"footnotes":""},"class_list":["post-5","page","type-page","status-publish","hentry"],"_links":{"self":[{"href":"http:\/\/185.96.163.203\/wordpress\/index.php?rest_route=\/wp\/v2\/pages\/5","targetHints":{"allow":["GET"]}}],"collection":[{"href":"http:\/\/185.96.163.203\/wordpress\/index.php?rest_route=\/wp\/v2\/pages"}],"about":[{"href":"http:\/\/185.96.163.203\/wordpress\/index.php?rest_route=\/wp\/v2\/types\/page"}],"author":[{"embeddable":true,"href":"http:\/\/185.96.163.203\/wordpress\/index.php?rest_route=\/wp\/v2\/users\/1"}],"replies":[{"embeddable":true,"href":"http:\/\/185.96.163.203\/wordpress\/index.php?rest_route=%2Fwp%2Fv2%2Fcomments&post=5"}],"version-history":[{"count":6,"href":"http:\/\/185.96.163.203\/wordpress\/index.php?rest_route=\/wp\/v2\/pages\/5\/revisions"}],"predecessor-version":[{"id":134,"href":"http:\/\/185.96.163.203\/wordpress\/index.php?rest_route=\/wp\/v2\/pages\/5\/revisions\/134"}],"wp:attachment":[{"href":"http:\/\/185.96.163.203\/wordpress\/index.php?rest_route=%2Fwp%2Fv2%2Fmedia&parent=5"}],"curies":[{"name":"wp","href":"https:\/\/api.w.org\/{rel}","templated":true}]}}